. What is the remainder when 1 - (-1*166 - c) is divided by 34?
31
Let l(k) = -4*k**3 - 29*k**2 + 19*k + 44. What is the remainder when 163 is divided by l(-8)?
79
Let b = -436 - -482. Calculate the remainder when 87 is divided by b.
41
Let x(v) = v + 10 - 6 - 2. Let u be x(-13). Let w = 21 + u. What is the remainder when 18 is divided by w?
8
Suppose -2*b = 2*b - 136. Suppose 1078*d = 1089*d - 99. What is the remainder when b is divided by d?
7
Suppose -65 = q - 11. Let g = 19 - 7. Calculate the remainder when (-172)/(-5) + (5 - q/(-10)) is divided by g.
10
Let f = 0 + -39. Let q = 46 + f. What is the remainder when 20 is divided by q?
6
Suppose -5*l + 14 = -2*o, 0 = -0*o + o - 4*l + 13. Suppose 0 = 2*d - 0*d - 8, 4*n - 5*d = 0. Calculate the remainder when n is divided by o.
2
Let o = 104 + -34. Let s(w) = -w**3 + 5*w**2 + 11*w - 10. Let f be s(7). What is the remainder when o is divided by (-4)/5*(f - -1)?
22
Let l = -128 + 148. What is the remainder when 98 is divided by l?
18
Suppose -62 = -g + 2*j, -5*g - 2*j - 3*j = -355. Suppose -2*q + g = -4. Calculate the remainder when q is divided by 10.
6
Let h = 1419 + -1397. Suppose 5*y = -5*i + 200, 60 + 64 = 3*i + 5*y. What is the remainder when i is divided by h?
16
Let l = -30 - -33. Suppose l*w + 2 = 8. Calculate the remainder when 6 is divided by w.
0
What is the remainder when 4/(-24) - (-2726)/12 is divided by 57?
56
Suppose 0 = 4*i + 2*c - 18, -2*c + 11 = 3*i - 3*c. Suppose 3*x + 146 = 2*l + 2*l, -i = 2*x. What is the remainder when 67 is divided by l?
32
Suppose -2069 = -27*s + 1792. What is the remainder when s is divided by 8?
7
Let w(v) = 16*v**2 + 5. Let t be (-56)/(((-15)/(-12))/5). What is the remainder when w(2) is divided by (-2)/3 + t/(-12)?
15
Let o = 16 - -5. Calculate the remainder when 97 is divided by o.
13
Let t = 115 + -194. Let y = t + 85. Calculate the remainder when 18 is divided by y.
0
Let i = -19 - -34. Suppose -s - 293 = -4*m, 4*m = -33*s + 36*s + 295. Calculate the remainder when m is divided by i.
13
Suppose 278 - 148 = 5*b. Suppose -8*x + b = -54. What is the remainder when x is divided by 3?
1
Let f = -24 + 29. Suppose -5 = -3*l + 7. Let m = f + l. What is the remainder when 51 is divided by m?
6
Let u = 299 + -541. Let c = -132 - u. What is the remainder when c is divided by 37?
36
Let r = 265 + -126. Let w = r + -46. Calculate the remainder when w is divided by 19.
17
Let d(b) = b**2 + 4. Let u be d(0). Suppose -u*s = -s - 33. What is the remainder when s is divided by 4?
3
Let r(q) = q**2 + 8*q + 4. Suppose w + 22 = 3*b + b, -5*w - 2*b = 0. Let z(d) = -34*d + 1. Calculate the remainder when z(w) is divided by r(-10).
21
Calculate the remainder when -162*-4*(-3)/36*-3 is divided by 41.
39
Suppose 0 = -3*x + l + 557 - 34, 3*x - 3*l = 513. What is the remainder when x is divided by 12?
8
Let y(x) = 13*x - 134. What is the remainder when y(16) is divided by 24?
2
Suppose -g - 8 = -5*t - 27, -3*g + 3*t = -45. What is the remainder when 753 is divided by g?
11
Let r(u) = 11*u**2 - u + 2. Suppose -13*m + 11*m = -160. What is the remainder when m/2 + -3 + -3 is divided by r(1)?
10
Let g(x) = x**2 + x - 6. What is the remainder when 193 is divided by g(4)?
11
Suppose -4*p - 2 = -22, -2*x - 5*p = -37. Let i be 16/1*(5 - 7). What is the remainder when 96/4*(i/(-12) - 2) is divided by x?
4
Let d(t) = 2*t - 19. What is the remainder when d(31) is divided by 15?
13
Let i be 4 + 0 + 80 + -12. Suppose -f = 2*x - 36, 5*x - 12 - i = -f. What is the remainder when 59 is divided by x?
11
Let d(l) = -l**3 - 11*l**2 + 7*l - 45. What is the remainder when 56 is divided by d(-12)?
11
Let x = 67 + -65. Suppose 5*z - x*j - 243 = 0, 2*z = 3*j + 65 + 30. Let o = 35 - 22. Calculate the remainder when z is divided by o.
10
Let o(j) = -j - 7. Let y be o(-7). What is the remainder when 5/5*(y - -25) is divided by -2 + (2 - 0) + 9?
7
Let a = -29 - -47. Suppose -2*u + 5*v + a = 0, -v - 2 = -0*v. Let j(k) = -k**2 + 7*k - 10. What is the remainder when 6 is divided by j(u)?
0
Let q = -14 + 30. Suppose -25 = -7*a + 241. Calculate the remainder when a is divided by q.
6
Let f(c) = -c**2 + 28*c - 121. Suppose -348 = -5*d + d. What is the remainder when d is divided by f(22)?
10
Let v(f) = f**2 - 3*f - 2. Let b be v(5). Let s(a) = -a**3 + 10*a**2 - 11*a - 7. What is the remainder when 163 is divided by s(b)?
31
Let r = 504 - 446. Calculate the remainder when r is divided by 28.
2
Suppose -2*c + 7 + 11 = 0. Let l(u) = -5*u - 8. Let n(o) = o**3 - 11*o**2 - 13*o + 7. Let b be n(12). Calculate the remainder when l(b) is divided by c.
8
Suppose 5*m + 50 = 6*m - 5*g, -68 = -2*m + 2*g. Calculate the remainder when m is divided by 17.
13
Suppose t - 134 = -25. Suppose 4*u = 4*x - 5 - 135, t = 3*x - u. Let b = -13 + 33. What is the remainder when x is divided by b?
17
What is the remainder when -11*108/(-45)*(2 - -3) is divided by 33?
0
Suppose 16*x - 19*x = -234. Suppose 2*v + x - 88 = 0. Calculate the remainder when 11 is divided by v.
1
Let p(g) = -4 - g**2 - 8*g + 4*g**2 + 1 + 6. What is the remainder when p(5) is divided by 81/6 - (-2)/4?
10
Suppose -9*y + 236 = -5*y. Calculate the remainder when 134 is divided by y.
16
Suppose -4*c = -6*c + 20. Let s(o) = 18*o**3 + 0*o**3 - 3 + 2 + 0. Calculate the remainder when s(1) is divided by c.
7
Let s(p) = -14*p**2 + 5*p - 1. Let j(k) = 13*k**2 - 6*k + 1. Let n(z) = -3*j(z) - 4*s(z). What is the remainder when 44 is divided by n(1)?
12
Suppose z = 2*z - 153. Suppose -2*t + 7 = 3. Suppose -4*x + 5*d = -204, -4*d - z = -t*x - x. Calculate the remainder when x is divided by 18.
15
Let a(p) = -57*p + 18*p + p**3 + 38*p - 3*p**2. Suppose -i + 0*i = -4. Calculate the remainder when 23 is divided by a(i).
11
Let a = 107 + -78. Suppose d - a = -3*q, -q = -3*q + 3*d + 34. What is the remainder when 19 is divided by q?
8
Suppose 0 = -2*l + 2*c - 316 + 1122, 4*l + 3*c = 1633. Suppose 4*r + 2*z - l = 0, -5*z + 4 = -1. Calculate the remainder when r is divided by 31.
8
Let f(h) = -1 + 11*h - 2*h**2 - 1 + 0*h**2 + h**2. Calculate the remainder when f(9) is divided by 6.
4
Let x = -109 + 112. Let f(w) = w**2 + 3. What is the remainder when -15*(0 + (-4 - (-11)/x)) is divided by f(0)?
2
Let n(r) = -r**2 - 3*r + 1. Let y be n(-4). Let w = y - -54. What is the remainder when w is divided by (-6)/10*(-27 - 3)?
15
Let s(i) = 0*i - 2*i**2 + 9 - 7*i**2 + i**3 - 8 + i. Let r(b) = b**2 + b + 3. Let w be r(-3). What is the remainder when 17 is divided by s(w)?
7
Suppose -4 + 2 = -u. Suppose 120 = 10*h - u*h. What is the remainder when 28 is divided by h?
13
Suppose 296 = k + 3*l, 5*k + 4*l = 645 + 868. What is the remainder when k is divided by 22?
19
Suppose -2*b + b + 6 = 0. Suppose -b*c + 408 = -2*c. Suppose c = 3*z + 3*i, 6*z - 145 = 2*z + 5*i. What is the remainder when z is divided by 12?
11
Let l(y) = -925*y**3 + y**2 + 3*y + 1. Let o be l(-1). Suppose 7*b = -5*b + o. What is the remainder when b is divided by 21?
14
What is the remainder when 67 is divided by (-2 + (1 - 4))/(10/(-50))?
17
Suppose 0 = 660*k - 671*k + 891. Calculate the remainder when k is divided by 20.
1
Suppose 705*m = 716*m - 6501. Calculate the remainder when m is divided by 5.
1
Suppose 4*l - 559 = -3*p, -3*p - 79 = 5*l - 780. Calculate the remainder when 271 is divided by l.
129
Suppose 5*v - 4*w - 3930 = 0, 23*v - 19*v = 2*w + 3150. Calculate the remainder when v is divided by 61.
58
Suppose -p - 191 = -2*l - 2*p, 291 = 3*l + 3*p. What is the remainder when l is divided by 20?
14
Let i(d) = -22*d - 35. Calculate the remainder when 203 is divided by i(-4).
44
Let a = 45 - 40. Suppose -a*n + 20 = -0. Calculate the remainder when 25 is divided by n.
1
Let q(d) = 2*d + 2. Let j be q(5). Let z be 32/12*j/(-8). Let b(f) = -f + 3. What is the remainder when b(z) is divided by 3?
1
What is the remainder when 139 is divided by (-9)/(-18)*10*1?
4
Suppose 3*m + 3*f - 21 = 0, 5*m - 3 = 4*f + 23. What is the remainder when (-10)/(-15)*(1 + (-618)/(-12)) is divided by m?
5
Suppose -4*p + 36 = -3*p. Let n = p + -20. Let w = 389 + -342. What is the remainder when w is divided by n?
15
Let u(y) = -y**2 + 6*y + 3. Let o be u(13). Let z = o + 169. What is the remainder when z is divided by 21?
18
Suppose -87 = -3*i